True
Is 40 a factor of 1160?
True
Does 62 divide 15748?
True
Is 607 a multiple of 20?
False
Does 6 divide 2904?
True
Is 6622 a multiple of 47?
False
Does 5 divide 658?
False
Is 11 a factor of 1999?
False
Is 44 a factor of 19102?
False
Does 21 divide 2898?
True
Is 54686 a multiple of 164?
False
Is 133184 a multiple of 32?
True
Does 2 divide 108?
True
Is 24 a factor of 387?
False
Is 31 a factor of 1457?
True
Is 60 a factor of 105987?
False
Does 3 divide 36?
True
Is 13938 a multiple of 202?
True
Is 11 a factor of 110?
True
Is 902 a multiple of 41?
True
Does 68 divide 30940?
True
Is 8869 a multiple of 190?
False
Is 2072 a multiple of 8?
True
Does 14 divide 56?
True
Does 8 divide 7378?
False
Is 38 a factor of 3648?
True
Is 109 a factor of 6866?
False
Does 89 divide 50717?
False
Is 3768 a multiple of 157?
True
Is 23 a factor of 24327?
False
Does 12 divide 3168?
True
Is 70312 a multiple of 25?
False
Does 9 divide 13164?
False
Does 106 divide 16988?
False
Is 2088 a multiple of 36?
True
Is 594 a multiple of 27?
True
Is 65 a factor of 1365?
True
Does 3 divide 39243?
True
Is 7 a factor of 2910?
False
Is 6 a factor of 90?
True
Is 2 a factor of 26?
True
Does 8 divide 75267?
False
Is 22 a factor of 2238?
False
Is 4810 a multiple of 210?
False
Does 5 divide 258?
False
Does 8 divide 744?
True
Is 13182 a multiple of 19?
False
Is 10119 a multiple of 174?
False
Is 45 a factor of 63630?
True
Does 49 divide 5439?
True
Is 45 a multiple of 16?
False
Is 4481 a multiple of 107?
False
Is 263 a multiple of 2?
False
Does 6 divide 1759?
False
Is 2955 a multiple of 17?
False
Is 7588 a multiple of 13?
False
Is 120 a multiple of 2?
True
Is 39942 a multiple of 59?
False
Does 11 divide 2057?
True
Is 5112 a multiple of 10?
False
Is 135 a multiple of 3?
True
Is 98 a factor of 5390?
True
Is 18 a factor of 54432?
True
Is 66 a factor of 15865?
False
Does 11 divide 297?
True
Does 63 divide 931?
False
Is 5 a factor of 1537?
False
Does 28 divide 1036?
True
Is 920 a multiple of 20?
True
Is 36462 a multiple of 59?
True
Does 16 divide 13226?
False
Is 78 a factor of 1239?
False
Does 25 divide 5105?
False
Is 1978 a multiple of 40?
False
Is 4192 a multiple of 16?
True
Does 17 divide 12463?
False
Is 625 a multiple of 72?
False
Is 6 a factor of 3164?
False
Does 4 divide 131?
False
Is 50 a factor of 2400?
True
Is 12 a factor of 18463?
False
Is 22776 a multiple of 13?
True
Does 19 divide 3306?
True
Is 14 a factor of 2467?
False
Does 9 divide 40898?
False
Is 583 a multiple of 16?
False
Is 121 a factor of 13476?
False
Does 73 divide 8176?
True
Is 549 a multiple of 23?
False
Is 3 a factor of 311?
False
Does 3 divide 1617?
True
Does 20 divide 5474?
False
Is 838 a multiple of 20?
False
Is 184 a factor of 108041?
False
Does 97 divide 1221?
False
Does 76 divide 1532?
False
Is 364 a factor of 8569?
False
Is 51596 a multiple of 13?
False
Is 117 a factor of 8695?
False
Is 59 a factor of 3894?
True
Is 479 a multiple of 2?
False
Does 2 divide 2451?
False
Does 27 divide 432?
True
Does 13 divide 17362?
False
Is 4212 a multiple of 78?
True
Is 30 a factor of 629?
False
Is 16 a factor of 1008?
True
Is 392 a multiple of 7?
True
Does 11 divide 616?
True
Does 154 divide 6416?
False
Is 35 a factor of 4330?
False
Is 34884 a multiple of 12?
True
Is 59 a factor of 2979?
False
Is 58 a factor of 58058?
True
Is 27874 a multiple of 77?
True
Is 10981 a multiple of 26?
False
Is 64 a multiple of 8?
True
Is 26 a factor of 5668?
True
Does 111 divide 333?
True
Is 22 a factor of 727?
False
Is 14 a factor of 13762?
True
Does 61 divide 1835?
False
Is 7 a factor of 56?
True
Does 4 divide 94?
False
Is 16 a factor of 992?
True
Is 16485 a multiple of 55?
False
Is 467 a multiple of 19?
False
Is 669 a multiple of 12?
False
Does 24 divide 456?
True
Is 637 a multiple of 7?
True
Is 1395 a multiple of 3?
True
Is 16 a factor of 774?
False
Is 47 a factor of 39104?
True
Is 803 a multiple of 5?
False
Does 2 divide 683?
False
Is 1800 a multiple of 24?
True
Is 3519 a multiple of 23?
True
Is 1390 a multiple of 7?
False
Is 5452 a multiple of 11?
False
Is 11 a factor of 32407?
False
Is 2330 a multiple of 120?
False
Does 89 divide 84639?
True
Is 2 a factor of 91?
False
Is 161 a factor of 35921?
False
Is 2849 a multiple of 13?
False
Does 407 divide 37834?
False
Is 1498 a multiple of 64?
False
Is 13 a factor of 429?
True
Is 11189 a multiple of 98?
False
Is 30 a factor of 838?
False
Is 8 a factor of 105104?
True
Is 25272 a multiple of 243?
True
Is 3253 a multiple of 11?
False
Does 6 divide 434?
False
Is 724 a multiple of 2?
True
Does 36 divide 1214?
False
Is 27 a factor of 15702?
False
Is 2 a factor of 5152?
True
Is 32 a multiple of 3?
False
Is 18792 a multiple of 108?
True
Is 3 a factor of 1058?
False
Is 7 a factor of 589?
False
Does 11 divide 281?
False
Is 6 a factor of 546?
True
Does 36 divide 2412?
True
Is 2904 a multiple of 19?
False
Does 319 divide 64962?
False
Does 8 divide 7784?
True
Is 660 a multiple of 25?
False
Is 28 a factor of 17338?
False
Is 34 a multiple of 17?
True
Does 9 divide 270?
True
Is 88453 a multiple of 24?
False
Is 1243 a multiple of 11?
True
Is 76 a factor of 7980?
True
Is 44 a multiple of 3?
False
Does 50 divide 3328?
False
Does 21 divide 1050?
True
Does 161 divide 16583?
True
Is 98 a factor of 4704?
True
Is 15461 a multiple of 46?
False
Is 2262 a multiple of 6?
True
Is 2186 a multiple of 18?
False
Is 11911 a multiple of 17?
False
Does 21 divide 7835?
False
Is 22 a multiple of 5?
False
Is 178 a factor of 7654?
True
Is 61105 a multiple of 14?
False
Is 10374 a multiple of 26?
True
Is 1413 a multiple of 9?
True
Is 370 a multiple of 24?
False
Is 792 a multiple of 20?
False
Is 82087 a multiple of 43?
True
Is 2823 a multiple of 4?
False
Does 125 divide 500?
True
Is 715 a multiple of 65?
True
Is 1230 a multiple of 30?
True
Does 144 divide 3953?
False
Does 109 divide 9047?
True
Is 77280 a multiple of 21?
True
Is 14 a factor of 474?
False
Does 46 divide 6670?
True
Is 183 a factor of 35685?
True
Is 304 a multiple of 8?
True
Is 36 a factor of 3024?
True
Is 2238 a multiple of 61?
False
Is 200 a multiple of 13?
False
Is 69 a multiple of 5?
False
Does 254 divide 8636?
True
Is 1608 a multiple of 67?
True
Does 60 divide 6785?
False
Does 46 divide 1053?
False
Is 100 a multiple of 10?
True
Is 35560 a multiple of 273?
False
Is 76 a factor of 957?
False
Is 43 a factor of 19311?
False
Does 2 divide 99?
False
Does 32 divide 1024?
True
Does 26 divide 1794?
True
Does 8 divide 12176?
True
Does 8 divide 728?
True
Is 12 a factor of 480?
True
Is 200 a factor of 17225?
False
Is 3 a factor of 12?
True
Is 22 a factor of 374?
True
Is 1372 a multiple of 14?
True
Is 25 a factor of 12100?
True
Does 13 divide 182?
True
Does 20 divide 44433?
False
Does 2 divide 101?
False
Does 9 divide 6519?
False
Is 35008 a multiple of 8?
True
Is 52 a factor of 1196?
True
Is 11 a factor of 3246?
False
Is 18 a factor of 11106?
True
Is 1133 a multiple of 35?
False
Is 18680 a multiple of 15?
False
Is 374 a multiple of 11?
True
Does 14 divide 9833?
False
Is 546 a multiple of 7?
True
Is 15 a factor of 394?
False
Is 73636 a multiple of 96?
False
Does 54 divide 59454?
True
Is 38 a factor of 5708?
False
Is 440 a multiple of 88?
True
Does 4 divide 3692?
True
Is 748 a multiple of 44?
True
Is 1850 a multiple of 37?
True
Is 28 a factor of 3279?
False
Does 91 divide 13832?
True
Is 41010 a multiple of 15?
True
Is 1872 a multiple of 4?
True
Does 8 divide 1064?
True
Is 494 a multiple of 17?
False
Is 200 a factor of 16259?
False
Is 10367 a multiple of 18?
False
Is 849 a multiple of 2?
False
Does 18 divide 1422?
True
Is 11 a factor of 542?
False
Does 16 divide 896?
True
Does 39 divide 12285?
True
Is 63 a multiple of 7?
True
Is 41547 a multiple of 201?
False
Is 303 a multiple of 12?
False
Is 72 a multiple of 6?
True
Is 50 a factor of 18021?
False
Is 217 a factor of 11663?
False
Is 78 a factor of 24878?
False
Is 49331 a multiple of 28?
False
Is 8 a factor of 16845?
False
Does 56 divide 9238?
False
Is 97 a factor of 5238?
True
Is 53 a factor of 681?
False
Is 5218 a multiple of 2?
True
Is 3 a factor of 376?
False
Is 5 a factor of 720?
True
Is 715 a multiple of 30?
False
Is 138033 a multiple of 14?
False
Does 3 divide 3984?
True
Is 7 a factor of 441?
True
Does 30 divide 810?
True
Does 7 divide 75